60
-101000111101 (base 2) to base 11
-1a73
-256443 (base 7) to base 2
-1011101100100000
-35a (base 16) to base 3
-1011210
Convert -219c (base 14) to base 11.
-4413
Convert 98 (base 14) to base 16.
86
Convert 34023 (base 5) to base 6.
15020
Convert 712 (base 8) to base 5.
3313
414 (base 6) to base 11
130
What is -102554 (base 6) in base 9?
-12487
Convert 1111000 (base 2) to base 13.
93
-772 (base 8) to base 14
-282
Convert -11011001011110 (base 2) to base 16.
-365e
207 (base 13) to base 2
101011001
What is -3511 (base 9) in base 6?
-20014
Convert -13107 (base 8) to base 14.
-2115
What is -420425 (base 6) in base 16?
-8441
What is 10068 (base 13) in base 4?
12333213
What is -32d (base 14) in base 9?
-768
Convert a3 (base 14) to base 8.
217
Convert -10002001121 (base 3) to base 16.
-ec86
What is 414 (base 10) in base 4?
12132
133 (base 9) to base 15
76
What is -221021 (base 4) in base 2?
-101001001001
What is -856 (base 10) in base 8?
-1530
2632 (base 8) to base 12
9b6
-3255 (base 10) to base 15
-e70
What is 10 (base 8) in base 4?
20
-44 (base 12) to base 4
-310
What is 6029 (base 10) in base 14?
22a9
5913 (base 13) to base 15
3a9c
What is 11b21 (base 12) in base 4?
11320021
Convert -32722 (base 9) to base 6.
-244332
1010111000 (base 2) to base 9
853
Convert -1f4 (base 16) to base 13.
-2c6
What is 175 (base 8) in base 14?
8d
a863 (base 12) to base 2
100100001001011
Convert 3056 (base 9) to base 10.
2238
-11212212 (base 4) to base 3
-1011111000
-113042 (base 6) to base 4
-2120102
-21c (base 16) to base 5
-4130
What is 565 (base 10) in base 4?
20311
What is -20100 (base 3) in base 7?
-333
Convert -1551 (base 6) to base 12.
-2b7
What is 24b7 (base 12) in base 2?
1000001001011
-486 (base 9) to base 12
-296
20022101 (base 3) to base 9
6271
What is 20022021 (base 3) in base 8?
10765
Convert 11822 (base 15) to base 3.
2211120212
What is -2 (base 12) in base 9?
-2
Convert 1117 (base 8) to base 2.
1001001111
-110 (base 14) to base 3
-21210
Convert -1e2 (base 15) to base 11.
-368
-26491 (base 10) to base 6
-322351
1011001101100 (base 2) to base 11
4349
Convert -124412 (base 7) to base 4.
-11222102
Convert -2033313 (base 5) to base 9.
-51054
Convert -4305 (base 8) to base 2.
-100011000101
What is 1581 (base 15) in base 13?
2146
Convert -49 (base 16) to base 6.
-201
What is -81bb (base 13) in base 16?
-45eb
Convert -539 (base 16) to base 13.
-7bb
-250 (base 11) to base 12
-209
121220102 (base 3) to base 6
133015
What is 2a4f (base 16) in base 8?
25117
Convert -34b8 (base 12) to base 8.
-13414
What is -353 (base 14) in base 11?
-551
What is -24b (base 15) in base 16?
-209
22484 (base 9) to base 14
5660
-289 (base 13) to base 8
-703
-1683 (base 9) to base 5
-20130
What is -24357 (base 9) in base 6?
-203341
11236 (base 7) to base 15
cb4
Convert -700 (base 8) to base 4.
-13000
What is -101121 (base 3) in base 15?
-141
What is 76 (base 10) in base 3?
2211
What is -1159b (base 12) in base 6?
-255515
Convert -25732 (base 8) to base 16.
-2bda
Convert -21031 (base 4) to base 14.
-301
Convert -666 (base 10) to base 13.
-3c3
-4203b (base 12) to base 8
-250657
-2102 (base 7) to base 10
-737
-421 (base 5) to base 2
-1101111
5b94 (base 16) to base 15
6e2e
What is -14440 (base 6) in base 14?
-bc4
What is 1302 (base 4) in base 11?
a4
-2b80 (base 13) to base 7
-24351
Convert 1309 (base 11) to base 10.
1703
What is -16101 (base 9) in base 2?
-10101100001001
What is 215 (base 9) in base 5?
1201
32 (base 16) to base 14
38
5406 (base 8) to base 16
b06
11283 (base 10) to base 16
2c13
Convert -75127 (base 8) to base 5.
-2000234
684c (base 14) to base 7
103525
What is -11001101010 (base 2) in base 10?
-1642
Convert 1112221001 (base 3) to base 14.
b1d3
What is 306 (base 13) in base 15?
243
What is 50510 (base 6) in base 15?
1e96
12230 (base 5) to base 10
940
Convert 22001100 (base 3) to base 7.
23052
What is -22022 (base 5) in base 8?
-2750
Convert 2012120 (base 4) to base 10.
8600
5b1 (base 12) to base 7
2326
Convert 110011110110 (base 2) to base 11.
2547
121200 (base 3) to base 8
702
1000001 (base 3) to base 7
2062
Convert -52446 (base 10) to base 12.
-26426
153 (base 6) to base 12
59
-3550 (base 7) to base 12
-911
2183 (base 13) to base 2
1001000111110
What is 6048 (base 9) in base 11?
3357
1220011 (base 3) to base 10
1381
-200210 (base 3) to base 15
-23c
-1243 (base 7) to base 15
-217
Convert 1335 (base 6) to base 13.
209
Convert 277 (base 16) to base 6.
2531
What is 1401403 (base 5) in base 15?
8603
Convert 232030 (base 6) to base 13.
9090
111401 (base 5) to base 16
f88
What is -320230 (base 4) in base 12?
-2124
Convert -1143312 (base 5) to base 14.
-7ca7
Convert -3432000 (base 5) to base 13.
-21cba
392 (base 11) to base 16
1d0
Convert 128 (base 15) to base 12.
19b
What is 215c6 (base 13) in base 14?
17db0
30e (base 16) to base 5
11112
-3014 (base 5) to base 11
-31a
Convert -1551 (base 6) to base 16.
-1ab
What is -332 (base 15) in base 16?
-2d2
What is -4205 (base 7) in base 5?
-21400
791a (base 13) to base 11
11795
Convert -16260 (base 7) to base 5.
-121344
What is -205626 (base 8) in base 9?
-113863
-1db (base 14) to base 5
-3024
What is -20323 (base 4) in base 13?
-34c
Convert 3790 (base 10) to base 7.
14023
What is -20012110 (base 4) in base 14?
-c136
What is -110100110 (base 2) in base 15?
-1d2
Convert 3256 (base 7) to base 5.
14133
Convert 23501 (base 6) to base 16.
d5d
What is -21377 (base 11) in base 5?
-1443220
-21431 (base 5) to base 8
-2723
What is -341013 (base 6) in base 11?
-1a655
Convert 3665 (base 10) to base 14.
149b
Convert -20212 (base 3) to base 14.
-d3
What is -122322 (base 4) in base 3?
-2100210
What is 83087 (base 9) in base 3?
2210002221
-342 (base 8) to base 16
-e2
Convert 4eb7 (base 15) to base 16.
41b6
What is -1122110 (base 3) in base 10?
-1200
Convert -38 (base 9) to base 12.
-2b
What is 252131 (base 6) in base 13?
a333
Convert 13119 (base 11) to base 7.
105511
What is 11320023 (base 4) in base 9?
36020
-59054 (base 10) to base 15
-1276e
Convert 4030 (base 5) to base 10.
515
Convert 649 (base 13) to base 5.
13300
Convert 3357 (base 13) to base 3.
100211120
-3a8a (base 15) to base 2
-11000011011001
Convert 321 (base 6) to base 2.
1111001
100 (base 2) to base 6
4
What is -3945 (base 11) in base 14?
-1c27
97b8 (base 13) to base 2
101001001110011
What is -21121220 (base 3) in base 14?
-2051
What is -2772 (base 14) in base 12?
-4040
Convert -2794 (base 10) to base 8.
-5352
What is 723 (base 8) in base 16?
1d3
What is -1000000011 (base 2) in base 12?
-36b
What is 13452 (base 11) in base 2?
100101011100111
What is 35050 (base 9) in base 4?
11231031
Convert 1111000001 (base 2) to base 5.
12321
What is b6a (base 14) in base 16?
8ca
c93 (base 14) to base 13
118b
Convert 25540 (base 7) to base 4.
1222012
Convert -21405 (base 6) to base 2.
-101110001101
What is -1111100011000011 (base 2) in base 7?
-353444
512a (base 11) to base 6
51304
What is -17 (base 10) in base 16?
-11
What is 4044 (base 5) in base 14?
296
What is -450a (base 11) in base 6?
-43255
22100111 (base 4) to base 10
42005
What is -1542 (base 10) in base 7?
-4332
What is 12773 (base 11) in base 14?
6902
10058 (base 9) to base 15
1e5e
What is -116c (base 16) in base 9?
-6105
Convert 1c91 (base 13) to base 2.
1000011110111
What is -1020313 (base 4) in base 16?
-1237
Convert -10418 (base 10) to base 7.
-42242
What is 1022022 (base 3) in base 15?
438
Convert -4cac (base 13) to base 11.
-8262
-15 (base 11) to base 10
-16
What is 1057 (base 10) in base 2?
10000100001
-311311 (base 4) to base 13
-1750
2001121202 (base 3) to base 14
10ac3
Convert -1a61 (base 16) to base 4.
-1221201
What is 103302 (base 5) in base 10?
3577
What is -221503 (base 6) in base 8?
-44157
What is 32121 (base 4) in base 8?
1631
-100010001000 (base 2) to base 9
-2886
What is -1101101101101110 (base 2) in base 6?
-1112022
12211 (base 3) to base 9
184
Convert 947 (base 13) to base 14.
80c
What is 101001111110110 (base 2) in base 14?
7b94
Convert 598 (base 11) to base 5.
10322
Convert 493 (base 11) to base 13.
361
Convert 201114 (base 5) to base 16.
1909
223120 (base 4) to base 3
10210211
-9517 (base 15) to base 14
-b6b8
Convert -13722 (base 8) to base 2.
-1011111010010
Convert -68 (base 15) to base 6.
-242
10133 (base 4) to base